ivided by i?
17
Let t = 209 + -206. Suppose -3*h + 63 = 3*m, 5*m - t*h = -2*h + 105. Calculate the remainder when 104 is divided by m.
20
Let m(v) = -12*v - 4. Let h be 22/(-6) - (-8)/12. Let i be m(h). Suppose -42 = -2*x + i. What is the remainder when x is divided by 20?
17
Let h be -2 - (-11 + 6 + 3). Suppose h = -9*x + 1527 - 195. Suppose -f - 15 = 2*l - 87, -5*l + 186 = f. What is the remainder when x is divided by l?
34
Let o = 154 - 150. What is the remainder when (77 - 5)/o + -1 is divided by ((-12)/20)/((-2)/30)?
8
Let u be 27/(-432) - 625/(-16). Let h = u + 125. What is the remainder when h is divided by 30?
14
Suppose -892*n + 298*n + 15287 = -19165. Calculate the remainder when 48/14*126/4 is divided by n.
50
Let l = 111 + -63. Let s(j) = -14*j - 185. Calculate the remainder when s(-18) is divided by 1686/l + (-2)/16.
32
Suppose -4170 - 2062 = -8*r. Calculate the remainder when r is divided by 156.
155
Suppose -9*k + 20 = -16. Suppose 28 = -4*o + 9*o - 2*q, k*q = 4. Calculate the remainder when 178 is divided by o.
4
Let x(k) = -k**2 - 14*k - 10. Let i be ((-18)/15)/((-6)/20). Suppose i*w - 48 = 60. Calculate the remainder when w is divided by x(-12).
13
Let q be (-4)/6*(-15)/2. Let v = -378 + 401. Calculate the remainder when v is divided by 58/q + (-2)/(-5).
11
Suppose 245*d - 565 = 250*d. Let a = d - -146. Suppose 387 - 6 = 3*z. What is the remainder when z is divided by a?
28
Suppose 4*g - 176 = 5*i, -g - 2*i = 12 - 56. What is the remainder when 218 is divided by g?
42
Suppose 5*k = 12 + 3. Suppose 316 = 4*o + k*x, 4*x - 272 = -3*o - 28. What is the remainder when o is divided by 23?
7
Let p be (-20)/(-225)*5*36/8. Calculate the remainder when (p - (-55)/(-15))/(15/(-126)) is divided by 4.
2
Let m(h) = -4*h**2 - 11*h + 13. Let d(f) = 4*f**2 + 9*f - 14. Let o(j) = -2*d(j) - 3*m(j). Calculate the remainder when o(-6) is divided by 3.
1
Suppose 3*x + 432 = 3*i, 0 = i - 5*x + 8*x - 156. Calculate the remainder when i is divided by 14.
7
Let p(a) = -a**3 - 101 + 5*a**2 + 100 + 3*a - 2*a + 0*a. What is the remainder when (2 - -55) + -1 + 2 is divided by p(3)?
18
Suppose -3*d + 0*d = -6. What is the remainder when 17/(-102)*(-168)/7 is divided by d?
0
Let f(t) = 723*t - 3. Let g be f(1). Suppose -10*b = 2*b - g. Calculate the remainder when 68 is divided by b.
8
Suppose v = 4*n + 314, 0*v + 5*n = -2*v + 563. Let b = -206 + v. Let i(o) = 7*o - 24. Calculate the remainder when b is divided by i(6).
16
Let o(j) = -j**3 - 7*j**2 - 13. Let t be 4/(-14)*(2 + 69/(-3)). Suppose 15 = -d + t. What is the remainder when o(d) is divided by 50?
49
Suppose 0*c - 12 = -f + 5*c, 5*c = -4*f - 2. What is the remainder when 89 is divided by 63/12*f - 2/4?
9
Let s = 1615 + -1559. What is the remainder when 162 is divided by s?
50
Suppose 2*w = -z + 136, 400 = -9*z + 12*z - 2*w. Suppose 7*l + 8 = z. What is the remainder when 70 is divided by l?
16
Let g(a) = 23*a**2 + 6*a - 4. Let b be g(3). Suppose 2*n - 225 - b = -2*y, 3*n - 657 = 3*y. Calculate the remainder when n is divided by 75.
71
Suppose -2093*i + 2108*i = 195. Let q be (-4)/(-12) - 16/(-6). Suppose 0*k + q*k = 105. Calculate the remainder when k is divided by i.
9
Let p(b) = 30*b**2 - 5*b - 8. Let r be p(5). Let j = -1015 + r. Let f = -172 - j. What is the remainder when f is divided by 26?
22
Suppose 3*r - 209 = -8*r. Suppose 2 + 42 = 4*p. What is the remainder when r is divided by p?
8
Let v = 39 - 39. Let h be (0 + v - -1)/(2/134). Suppose -4*l + 41 = -h. Calculate the remainder when l is divided by 6.
3
Let g(a) = -a**2 - 12*a + 122. Suppose 0*j - 5*t = -3*j + 5, 3*j - 4*t = 4. Calculate the remainder when g(j) is divided by 66.
56
Calculate the remainder when -15908*(-2 + -6*(-56)/192) is divided by 20.
17
Suppose 2*i - 4*x + 207 - 685 = 0, -4*i = 5*x - 969. Calculate the remainder when i is divided by 80.
1
Suppose 31 = -5*c + 5*p + 206, -15 = 3*p. Let s = 1328 + -1317. Calculate the remainder when c is divided by s.
8
Let n(x) = 77*x**2 + 55*x - 191. What is the remainder when n(9) is divided by 187?
183
Suppose 2*f - 3*w = 61, 0 = 3*w - 30 + 39. Calculate the remainder when 1193 is divided by f.
23
Suppose -c + 3*c = -5*j + 3655, -2*c - 743 = -j. Suppose j = 9*m - 1094. What is the remainder when m is divided by 41?
39
Suppose 4*t - 11396 = 4*z, -3*t - 17*z + 8555 = -22*z. What is the remainder when t is divided by 32?
29
Let c = -86 + 88. Let k be c/(-7*(-8)/196). Suppose 77 - 7 = k*d. What is the remainder when d is divided by 3?
1
Suppose 0 = -4*u - 3*g - g + 96, 4*g + 112 = 4*u. Let h(c) = 9 + 26 + 0*c - c. What is the remainder when 35 is divided by h(u)?
8
Let o be (15 + -5 - 1 - 4) + -351. Let j = o + 396. Calculate the remainder when 199 is divided by j.
49
Suppose 4*q + 1721 = -27*p + 32*p, 4*p + 4*q - 1348 = 0. Suppose -6*a + p = 5*a. Calculate the remainder when 61 is divided by a.
30
Let d be (-1)/3 - 196/6. Suppose 0 = -3*r + 2*q + 14, -r - 119 = -2*q - 121. What is the remainder when 10 is divided by (44/d)/((-4)/r)?
0
Suppose -8*f + 5*v = -3*f - 1230, -2*v = -3*f + 741. Calculate the remainder when f is divided by 83.
0
Suppose 4*t - 410 = 5*o, 4*t - 3*o + 100 = 514. Let y be 262/(-8) - 6/24. What is the remainder when 24 is divided by 2/(-11) - t/y?
0
Suppose -72 = -163*m + 161*m. Suppose 2*z - 5*x - m = 0, 16*z + 3*x - 59 = 11*z. Calculate the remainder when 49 is divided by z.
10
Let p(c) = 149*c + 609. Let l(q) = -q**2 - 15*q + 7. Let x(a) = a**2 + 7*a - 8. Let u be x(-7). What is the remainder when l(u) is divided by p(-4)?
11
Let g(p) = 3*p**2 - 87*p + 13. Let r be g(28). Let f = 85 + r. What is the remainder when 28 is divided by f?
0
Suppose 3527 + 685 = 108*u. What is the remainder when 1459 is divided by u?
16
Let j be -6*4/(-132) - 86/(-11). Suppose j + 42 = 5*i. Let l(t) = 18*t**3 - t**2 + 2*t - 1. Calculate the remainder when l(1) is divided by i.
8
What is the remainder when (90/(-36) - 5)*(-528)/15 is divided by 46?
34
Let h(s) = 3*s**3 + s**2 - 35*s + 2825. What is the remainder when h(0) is divided by 18?
17
Let x(p) = 4*p**2 - 124*p - 378. What is the remainder when 43 is divided by x(-3)?
13
Let i = -19061 + 21639. Calculate the remainder when i is divided by 642.
10
Let v = -41 + 45. Suppose w = 2*m + 6, 2 = v*w + 2*m + m. What is the remainder when 38 is divided by 9 + (-7 + 5)*w/(-4)?
8
Suppose -4*m + g = 0, 4*g + 4 = m - 11. Calculate the remainder when (-2)/1 - -1 - -42 is divided by 80/(m + -4)*-1.
9
Let i(o) = o**2 + 7*o. Let y be i(0). Suppose y = 5*x - 5*k - 105, 0*x + 36 = x + 4*k. Calculate the remainder when x is divided by 2*(1 - 6/(-4)).
4
Let x be 28 - (3 + (1 - 2)). Suppose -x = -3*v + 2*v. Suppose 3*w = 4*n + 134, -97*n = 5*w - 99*n - 242. What is the remainder when w is divided by v?
24
Suppose -g = -3*u - 17, 2*g - 3*g - 5*u + 1 = 0. Let p = 467 + -387. Let w = p + -26. Calculate the remainder when w is divided by g.
10
Let n = 9 - -5. Calculate the remainder when (-4)/n + 1455/21 is divided by ((-700)/60)/((-2)/6).
34
Suppose -4*j + 1062 = 2*d, -724*j + 727*j - 1054 = -2*d. Calculate the remainder when d is divided by 173.
169
Let h(k) = 11*k**2 - 5*k + 3. Let c be h(1). Calculate the remainder when 333 is divided by (c/45 - -1)/(3/170).
61
Let m(t) = -76*t - 29. Let y(z) = -75*z - 31. Let h(i) = 5*m(i) - 6*y(i). What is the remainder when h(2) is divided by 56?
13
Let m(h) = -h**3 - 5*h**2 - 4*h - 5. Let y = -126 + 184. What is the remainder when y is divided by m(-5)?
13
Let y = 3438 + -3207. Calculate the remainder when y is divided by 26.
23
Let h(i) = -7*i**2 + 93*i + 22. Calculate the remainder when 430 is divided by h(13).
46
Let p(r) = -573*r - 2*r**2 + 5 - 576*r + r**3 + 1142*r + 7*r**2. What is the remainder when p(2) is divided by 10?
9
Suppose -4*v - 80*m = -77*m - 1922, -5*v + 2402 = 4*m. Calculate the remainder when v is divided by 26.
14
Let z(p) = -58*p - 88. Suppose -4*d = 5*k - 3*k - 194, 4*d + 16 = 0. What is the remainder when k is divided by z(-2)?
21
Suppose -76 = 2*u - 4*u. Calculate the remainder when 1*8 + (3 - -120) + 8 is divided by u.
25
Let t be (-2)/(84/15 + -6). Suppose -4*r + t = -m + 2, -5*m + 5*r + 15 = 0. Calculate the remainder when 39 is divided by m.
4
Suppose 112*q - 41370 = 103*q - 188*q.